e
Is 683 a factor of 465806?
True
Is 686463 a multiple of 16?
False
Does 817 divide 17157?
True
Does 799 divide 789412?
True
Does 21 divide 93605?
False
Is 2099780 a multiple of 20?
True
Is 3614 even?
True
Is 103 a factor of 15347?
True
Is 24904 a multiple of 162?
False
Is 5940905 a multiple of 629?
True
Is 14 a factor of 1827?
False
Is 770 a multiple of 14?
True
Does 5 divide 571785?
True
Is 120384 a multiple of 96?
True
Is 14 a factor of 14280882?
True
Does 10 divide 10343490?
True
Does 523 divide 478022?
True
Does 167 divide 3581898?
False
Is 9 a factor of 256437?
True
Is 97177 a multiple of 29?
False
Is 119880 a multiple of 15?
True
Is 12877567 a multiple of 25?
False
Is 8 a factor of 119027?
False
Is 18 a factor of 90398?
False
Is 136 a factor of 194344?
True
Does 326 divide 1943286?
True
Is 112 a factor of 409584?
True
Does 16 divide 1969226?
False
Is 3 a factor of 78213?
True
Is 41 a factor of 253052?
True
Is 6222788 a multiple of 572?
True
Is 100 a factor of 301839?
False
Is 12 a factor of 1416024?
True
Is 96535 a multiple of 3?
False
Is 40 a factor of 178514?
False
Does 182 divide 75672?
False
Is 11 a factor of 2714?
False
Does 73 divide 4488?
False
Is 13822909 a multiple of 103?
True
Is 31 a factor of 5656756?
True
Is 2196018 a multiple of 11?
True
Does 54 divide 340452?
False
Does 914 divide 397590?
True
Is 4269091 a multiple of 323?
True
Is 246674 a multiple of 29?
True
Is 2 a factor of 46157?
False
Is 211 a factor of 2432333?
False
Is 71 a factor of 409810?
False
Is 29 a factor of 9980469?
False
Is 560 a factor of 952730?
False
Is 145 a factor of 670480?
True
Is 4816075 a multiple of 145?
False
Does 3 divide 64775?
False
Does 51 divide 10479?
False
Is 307961 a multiple of 502?
False
Does 177 divide 91509?
True
Is 14 a factor of 6458?
False
Is 1879395 a multiple of 137?
False
Is 237204 a multiple of 2?
True
Is 212346 a multiple of 282?
True
Does 52 divide 6136?
True
Is 29 a factor of 3785950?
True
Does 38 divide 5738000?
True
Is 329 a factor of 873166?
True
Is 563 a factor of 834673?
False
Is 186 a factor of 132246?
True
Does 75 divide 28898659?
False
Is 170221 a multiple of 527?
True
Is 38 a factor of 8864383?
False
Does 16 divide 118134?
False
Is 135501 a multiple of 47?
True
Is 600450 a multiple of 35?
False
Is 1287789 a multiple of 80?
False
Does 11 divide 4895?
True
Does 200 divide 638000?
True
Is 8 a factor of 202205?
False
Is 23 a factor of 263426?
False
Does 7 divide 186193?
True
Is 46 a factor of 70334?
True
Does 30 divide 56340?
True
Is 204435 a multiple of 99?
True
Is 242424 a multiple of 9?
True
Does 22 divide 396264?
True
Is 602085 a multiple of 86?
False
Does 2 divide 122574?
True
Is 139914 a multiple of 398?
False
Does 13 divide 1807?
True
Does 69 divide 4831?
False
Is 473039 a multiple of 32?
False
Does 28 divide 337750?
False
Does 141 divide 460647?
True
Is 3846219 a multiple of 2?
False
Is 86 a factor of 205819?
False
Is 475 a multiple of 5?
True
Is 17 a factor of 1244043?
True
Does 37 divide 8698330?
True
Is 54318 a multiple of 33?
True
Is 434771 a multiple of 14?
False
Does 202 divide 140073?
False
Does 477 divide 1020022?
False
Does 25 divide 6139950?
True
Does 49 divide 160941?
False
Is 41 a factor of 357725?
True
Does 14 divide 320278?
True
Is 376 a factor of 435694?
False
Does 4 divide 9088?
True
Does 20 divide 1237040?
True
Does 14 divide 1386980?
True
Does 129 divide 1810034?
False
Is 66 a factor of 4513014?
True
Does 7 divide 515585?
True
Is 68689 even?
False
Does 919 divide 3536312?
True
Does 137 divide 984810?
False
Does 6 divide 3969120?
True
Is 959262 a multiple of 149?
True
Is 399855 a multiple of 305?
True
Is 4292303 a multiple of 148?
False
Is 733 a factor of 6693023?
True
Is 13 a factor of 32657?
False
Is 44 a factor of 27588?
True
Does 1058 divide 5287389?
False
Is 152 a factor of 1151300?
False
Is 231430 a multiple of 5?
True
Does 4 divide 1166796?
True
Is 128 a factor of 1302912?
True
Is 10300078 a multiple of 43?
False
Is 1613387 a multiple of 653?
False
Does 78 divide 921336?
True
Is 7 a factor of 1121274?
True
Is 10 a factor of 22226?
False
Is 2087017 a multiple of 1356?
False
Is 12 a factor of 50880?
True
Does 9 divide 2596482?
True
Does 431 divide 758991?
True
Does 22 divide 223585?
False
Does 14 divide 65613?
False
Is 74671 a multiple of 2?
False
Does 3 divide 3317704?
False
Is 8339400 a multiple of 120?
True
Does 323 divide 44574?
True
Is 3 a factor of 265231?
False
Is 1584 even?
True
Is 5904423 a multiple of 629?
True
Does 12 divide 795696?
True
Does 17 divide 502129?
True
Is 16 a factor of 4650384?
True
Does 18 divide 2216052?
True
Does 31 divide 134239?
False
Is 14624 a multiple of 163?
False
Is 166 a factor of 567170?
False
Is 63 a factor of 1335159?
True
Is 26432 a multiple of 16?
True
Does 126 divide 2328655?
False
Does 226 divide 424807?
False
Does 228 divide 82992?
True
Does 16 divide 338400?
True
Does 21 divide 965223?
True
Is 1761 a multiple of 2?
False
Does 38 divide 284556?
False
Is 154 a factor of 635749?
False
Is 16 a factor of 129504?
True
Is 52 a factor of 519012?
True
Is 5932 a multiple of 4?
True
Is 235124 a multiple of 62?
False
Is 60240 a multiple of 80?
True
Does 23 divide 55971?
False
Is 591506 a multiple of 194?
True
Is 108477 a multiple of 17?
True
Is 424625 a multiple of 25?
True
Is 16 a factor of 3063401?
False
Is 87 a factor of 208278?
True
Is 21357 a multiple of 7?
True
Is 5 a factor of 213?
False
Does 398 divide 3488470?
True
Is 160 a factor of 906560?
True
Does 5 divide 253330?
True
Is 1506585 a multiple of 1163?
False
Is 208 a factor of 342992?
True
Is 489678 a multiple of 89?
True
Is 2312680 a multiple of 380?
True
Is 5 a factor of 2239?
False
Is 411 a factor of 264057?
False
Does 134 divide 223722?
False
Is 86 a factor of 299022?
True
Is 3303042 a multiple of 64?
False
Is 242616 a multiple of 22?
True
Is 920400 a multiple of 390?
True
Is 154 a factor of 1356124?
True
Is 5280 a multiple of 6?
True
Is 5967 a multiple of 351?
True
Is 364371 a multiple of 205?
False
Is 38 a factor of 536674?
True
Does 118 divide 664340?
True
Is 6 a factor of 4328599?
False
Is 7 a factor of 579192?
False
Is 1479928 a multiple of 673?
False
Does 25 divide 3099250?
True
Is 1945900 a multiple of 319?
True
Is 436924 a multiple of 19?
True
Is 469046 a multiple of 12?
False
Does 2069 divide 14811901?
False
Does 204 divide 517338?
False
Is 65949 a multiple of 39?
True
Is 10 a factor of 47031?
False
Does 164 divide 3976016?
True
Is 169226 a multiple of 382?
True
Is 3 a factor of 53939?
False
Is 182 a factor of 8902166?
True
Does 119 divide 27370?
True
Is 156 a factor of 791845?
False
Is 159650 a multiple of 515?
True
Does 107 divide 228231?
True
Is 503 a factor of 35527896?
True
Is 37 a factor of 116231?
False
Does 158 divide 20180?
False
Is 6200 a multiple of 16?
False
Is 2939093 a multiple of 166?
False
Is 1254190 a multiple of 943?
True
Does 158 divide 78820?
False
Is 160 a factor of 145760?
True
Is 561 a factor of 264905?
False
Is 570861 a multiple of 5?
False
Does 31 divide 244342?
True
Is 186 a factor of 137189?
False
Does 30 divide 195954?
False
Is 18147 a multiple of 69?
True
Is 349505 a multiple of 283?
True
Is 2 a factor of 18410?
True
Is 217 a factor of 2510100?
False
Is 107250 a multiple of 26?
True
Does 119 divide 109706?
False
Is 1016279 a multiple of 11?
True
Is 17 a factor of 1175567?
True
Is 143290 a multiple of 89?
True
Does 10 divide 1758620?
True
Is 1039855 a multiple of 16?
False
Is 4692211 a multiple of 503?
False
Is 182340 a multiple of 118?
False
Is 154362 a multiple of 3?
True
Is 94 a factor of 202946?
True
Does 56 divide 4540144?
True
Does 77 divide 2684605?
True
Is 370176 a multiple of 178?
False
Is 9 a factor of 209550?
False
Is 51 a factor of 57947?
False
Is 473637 a multiple of 251?
True
Does 59 divide 1991028?
False
Is 666285 a multiple of 12?
False
Is 15 a factor of 16423400?
False
Is 58 a factor of 1526734?
True
Is 12 a factor of 817647?
False
Does 385 divide 5973660?
True
Does 21 divide 700537?
False
Is 546550 a multiple of 170?
True
Is 37 a factor of 234301?
False
Is 30 a factor of 17721?
False
Does 57 divide 272403?
True
Is 674696 a multiple of 328?
True
Is 1039797 a multiple of 389?
True
Does 173 divide 1553540?
True
Does 406 divide 125860?
Tr